{"id":16634,"date":"2016-04-08T16:00:13","date_gmt":"2016-04-08T14:00:13","guid":{"rendered":"http:\/\/www.affittolugano.ch\/wp\/?page_id=16634"},"modified":"2020-08-07T16:15:32","modified_gmt":"2020-08-07T14:15:32","slug":"preise-und-angebote","status":"publish","type":"page","link":"https:\/\/www.affittolugano.ch\/de\/preise-und-angebote\/","title":{"rendered":"preise und angebote"},"content":{"rendered":"<p>[vc_row css_animation=&#8220;&#8220; row_type=&#8220;row&#8220; use_row_as_full_screen_section=&#8220;no&#8220; type=&#8220;grid&#8220; angled_section=&#8220;no&#8220; text_align=&#8220;center&#8220; background_image_as_pattern=&#8220;without_pattern&#8220; background_color=&#8220;#ffffff&#8220;][vc_column][vc_empty_space height=&#8220;45px&#8220;][vc_column_text]<\/p>\n<h1 style=\"text-align: center;\">Aparthotel Lugano &#8211; Preise<\/h1>\n<p>[\/vc_column_text][vc_separator type=&#8220;transparent&#8220; up=&#8220;45&#8243; down=&#8220;0&#8243;][vc_column_text]<\/p>\n<h2 style=\"text-align: center;\">Preise f\u00fcr Appartements und Zimmer im Aparthotel La Residenza, Lugano<\/h2>\n<p>[\/vc_column_text][vc_separator type=&#8220;transparent&#8220; up=&#8220;45&#8243; down=&#8220;0&#8243;][vc_row_inner row_type=&#8220;row&#8220; type=&#8220;full_width&#8220; text_align=&#8220;left&#8220; css_animation=&#8220;&#8220;][vc_column_inner width=&#8220;2\/3&#8243;][vc_column_text]<\/p>\n<h4 style=\"text-align: left;\">Preis f\u00fcr Mini-Appartement Doppelbett mit Bad und Kochecke (L\u00f6sung A)<\/h4>\n<p style=\"text-align: left;\"><strong>monatlich 1.550,00 CHF<span lang=\"DE\">,\u00a0inklusiv MwSt.,<\/span>\u00a0Fr\u00fchst\u00fcck inbegriffen<\/strong><\/p>\n<p>[\/vc_column_text][vc_separator type=&#8220;transparent&#8220; up=&#8220;32&#8243; down=&#8220;0&#8243;][vc_column_text]<\/p>\n<h4 style=\"text-align: left;\">Preis f\u00fcr Mini-Appartement Doppelbett mit Bad (L\u00f6sung B)<\/h4>\n<p style=\"text-align: left;\"><strong>monatlich 1.450,00 CHF<span lang=\"DE\">,\u00a0inklusiv MwSt.,<\/span>\u00a0Fr\u00fchst\u00fcck inbegriffen<\/strong><\/p>\n<p>[\/vc_column_text][vc_separator type=&#8220;transparent&#8220; up=&#8220;32&#8243; down=&#8220;0&#8243;][vc_column_text]<\/p>\n<h4 style=\"text-align: left;\">Preis f\u00fcr Design Mini-Appartement &#8222;double Suite&#8220; Doppelbett zuz\u00fcglich Schlafsofa, mit Bad und Kochecke (L\u00f6sung C)<\/h4>\n<p style=\"text-align: left;\"><strong>monatlich 2.200,00 CHF<span lang=\"DE\">,\u00a0inklusiv MwSt.,<\/span>\u00a0Fr\u00fchst\u00fcck inbegriffen<\/strong><\/p>\n<p>[\/vc_column_text][\/vc_column_inner][vc_column_inner width=&#8220;1\/3&#8243;][vc_single_image image=&#8220;16826&#8243; img_size=&#8220;full&#8220; alignment=&#8220;center&#8220; qode_css_animation=&#8220;&#8220;][vc_empty_space][vc_empty_space][vc_empty_space][vc_single_image image=&#8220;16827&#8243; img_size=&#8220;full&#8220; alignment=&#8220;center&#8220; qode_css_animation=&#8220;&#8220;][\/vc_column_inner][\/vc_row_inner][vc_empty_space height=&#8220;45px&#8220;][vc_empty_space height=&#8220;65px&#8220;][\/vc_column][\/vc_row][vc_row row_type=&#8220;parallax&#8220; parallax_content_width=&#8220;in_grid&#8220; text_align=&#8220;center&#8220; background_image=&#8220;22327&#8243; full_screen_section_height=&#8220;no&#8220; section_height=&#8220;400&#8243;][vc_column][\/vc_column][\/vc_row][vc_row css_animation=&#8220;&#8220; row_type=&#8220;row&#8220; use_row_as_full_screen_section=&#8220;no&#8220; type=&#8220;full_width&#8220; angled_section=&#8220;no&#8220; text_align=&#8220;left&#8220; background_image_as_pattern=&#8220;without_pattern&#8220;][vc_column][vc_separator type=&#8220;normal&#8220; up=&#8220;0&#8243; down=&#8220;0&#8243;][\/vc_column][\/vc_row][vc_row css_animation=&#8220;&#8220; row_type=&#8220;row&#8220; use_row_as_full_screen_section=&#8220;no&#8220; type=&#8220;grid&#8220; angled_section=&#8220;no&#8220; text_align=&#8220;left&#8220; background_image_as_pattern=&#8220;without_pattern&#8220; background_color=&#8220;#ffffff&#8220; padding_top=&#8220;80&#8243; el_class=&#8220;team_hover_color&#8220;][vc_column][vc_row_inner row_type=&#8220;row&#8220; type=&#8220;full_width&#8220; text_align=&#8220;left&#8220; padding_bottom=&#8220;50&#8243; css_animation=&#8220;&#8220;][vc_column_inner width=&#8220;1\/2&#8243;][vc_separator type=&#8220;transparent&#8220; up=&#8220;45&#8243; down=&#8220;0&#8243;][vc_raw_html]JTNDcCUyMGFsaWduJTNEJTIyY2VudGVyJTIyJTNFJTBBJTA5JTA5JTNDaW1nJTIwYWx0JTNEJTIyU2VydmljZWQlMjBhcGFydG1lbnRzJTIwLSUyMEZpdG5lc3MtUm9vbSUyMiUyMHRpdGxlJTNEJTIyU2VydmljZWQlMjBhcGFydG1lbnRzJTIwLSUyMEZpdG5lc3MtUm9vbSUyMiUyMGhlaWdodCUzRCUyMjMxMCUyMiUyMHNyYyUzRCUyMmh0dHAlM0ElMkYlMkZ3d3cuYWZmaXR0b2x1Z2Fuby5jaCUyRndwJTJGd3AtY29udGVudCUyRnVwbG9hZHMlMkYyMDE2JTJGMDMlMkZhdHRyZXp6aS10ZWNobm9neW0tcmVzaWRlbmNlLWxhcmVzaWRlbnphLWx1Z2Fuby5qcGclMjIlMjB3aWR0aCUzRCUyMjUwMCUyMiUzRSUzQyUyRnAlM0U=[\/vc_raw_html][\/vc_column_inner][vc_column_inner width=&#8220;1\/2&#8243;][vc_separator type=&#8220;transparent&#8220; up=&#8220;45&#8243; down=&#8220;0&#8243;][vc_raw_html]JTNDcCUyMGFsaWduJTNEJTIyY2VudGVyJTIyJTNFJTBBJTA5JTA5JTNDaW1nJTIwYWx0JTNEJTIyU2VydmljZWQlMjBhcGFydG1lbnRzJTIwLSUyMEZpdG5lc3MtUm9vbSUyMiUyMHRpdGxlJTNEJTIyU2VydmljZWQlMjBhcGFydG1lbnRzJTIwLSUyMEZpdG5lc3MtUm9vbSUyMiUyMGhlaWdodCUzRCUyMjMxMCUyMiUyMHNyYyUzRCUyMmh0dHAlM0ElMkYlMkZ3d3cuYWZmaXR0b2x1Z2Fuby5jaCUyRndwJTJGd3AtY29udGVudCUyRnVwbG9hZHMlMkYyMDE2JTJGMDMlMkZhZmZpdHRvLWx1Z2Fuby1jYW1lcmEtYXR0cmV6emktdGVjaG5vZ3ltLmpwZyUyMiUyMHdpZHRoJTNEJTIyNTAwJTIyJTNFJTNDJTJGcCUzRQ==[\/vc_raw_html][\/vc_column_inner][\/vc_row_inner][vc_separator type=&#8220;transparent&#8220; up=&#8220;20&#8243; down=&#8220;0&#8243;][vc_column_text]<\/p>\n<h2 style=\"text-align: center;\">Preise der Appartements und Zimmer in unserer Residence<\/h2>\n<p>[\/vc_column_text][vc_separator type=&#8220;transparent&#8220; up=&#8220;20&#8243; down=&#8220;0&#8243;][vc_column_text]Alle angegebene Preise f\u00fcr unsere Mini-Appartements verstehen sich mit den folgenden Diensten inbegriffen:<\/p>\n<ul>\n<li>Fr\u00fchst\u00fcck morgens in Arbeitstage bedient<\/li>\n<li>Kochecke zur Verf\u00fcgung in fast jeder Wohnstatt<\/li>\n<li>w\u00f6chentlich Betttuch und Badetuch Wechsel,<\/li>\n<li>w\u00f6chentliche Reinigung des Mini-Appartement,<\/li>\n<li>grenzlose Benutzung \u2013 zwischen 06:00 und 22:00 \u2013 des Fitnessraums des Aparthotels, mit Technogym-Ger\u00e4te ausger\u00fcstet,<\/li>\n<li>Wireless Internet-Connection,<\/li>\n<li>Kabel-TV, 30 Kan\u00e4le,<\/li>\n<li>M\u00f6blierte Zimmer,<\/li>\n<li>Str\u00f6m-, Wasser-, Heizung- und sonstige Mitbesitzer-Ausgaben,<\/li>\n<li>Mini-Fridge innen jeden Mini-Appartement,<\/li>\n<li>Receptionist,<\/li>\n<li>Nacht-Concierge auf Verf\u00fcgung,<\/li>\n<li>Korrespondenz-Verteilung,<\/li>\n<li>Video-\u00dcberwache der gemeinsamen Teilen, f\u00fcr die Sicherheit unserer G\u00e4sten,<\/li>\n<\/ul>\n<p>[\/vc_column_text][vc_separator type=&#8220;transparent&#8220; up=&#8220;20&#8243; down=&#8220;0&#8243;][vc_raw_html]JTNDcCUyMGFsaWduJTNEJTIyY2VudGVyJTIyJTNFJTNDaW1nJTIwYWx0JTNEJTIyTGElMjBSZXNpZGVuemElMjIlMjBSZXNpZGVuY2UlMjBpbiUyMEx1Z2FubyUyMiUyMHRpdGxlJTNEJTIyJTIyTGElMjBSZXNpZGVuemElMjIlMjBSZXNpZGVuY2UlMjBpbiUyMEx1Z2FubyUyMiUyMGhlaWdodCUzRCUyMjMxMCUyMiUyMHNyYyUzRCUyMmh0dHAlM0ElMkYlMkZ3d3cuYWZmaXR0b2x1Z2Fuby5jaCUyRndwJTJGd3AtY29udGVudCUyRnVwbG9hZHMlMkYyMDE2JTJGMDMlMkZjYW1lcmUtYWZmaXR0by1sdWdhbm8uanBnJTIyJTIwd2lkdGglM0QlMjI1MDAlMjIlM0UlM0MlMkZwJTNF[\/vc_raw_html][vc_separator type=&#8220;transparent&#8220; up=&#8220;20&#8243; down=&#8220;0&#8243;][vc_column_text]<\/p>\n<p style=\"text-align: left;\">Unsere G\u00e4ste verf\u00fcgen weiter auf Selbstbedienung Bar\/Snack- und W\u00e4scherei-Dienst.<\/p>\n<p style=\"text-align: left;\">Unsere Residence verf\u00fcgt \u00fcber acht Parkpl\u00e4tze im Freien (Mietpreis 150.00 CHF\/Monat). Alternativ dazu kann das Fahrzeug auf den Parkpl\u00e4tzen der Strassen in unmittelbarer N\u00e4he der Residence abgestellt werden.<\/p>\n<p style=\"text-align: left;\"><strong>Sie erreichen uns f\u00fcr alle Informationen unter den Telefonnummern: +41 (0)91 976 1719 \/ +41 (0)79 937 8061.<\/strong><\/p>\n<p>[\/vc_column_text][vc_empty_space height=&#8220;65px&#8220;][vc_empty_space height=&#8220;65px&#8220;][\/vc_column][\/vc_row]<\/p>\n","protected":false},"excerpt":{"rendered":"<p>[vc_row css_animation=&#8220;&#8220; row_type=&#8220;row&#8220; use_row_as_full_screen_section=&#8220;no&#8220; type=&#8220;grid&#8220; angled_section=&#8220;no&#8220; text_align=&#8220;center&#8220; background_image_as_pattern=&#8220;without_pattern&#8220; background_color=&#8220;#ffffff&#8220;][vc_column][vc_empty_space height=&#8220;45px&#8220;][vc_column_text] Aparthotel Lugano &#8211; Preise [\/vc_column_text][vc_separator type=&#8220;transparent&#8220; up=&#8220;45&#8243; down=&#8220;0&#8243;][vc_column_text] Preise f\u00fcr Appartements und Zimmer im Aparthotel La Residenza, Lugano [\/vc_column_text][vc_separator type=&#8220;transparent&#8220; up=&#8220;45&#8243; down=&#8220;0&#8243;][vc_row_inner row_type=&#8220;row&#8220; type=&#8220;full_width&#8220; text_align=&#8220;left&#8220; css_animation=&#8220;&#8220;][vc_column_inner width=&#8220;2\/3&#8243;][vc_column_text] Preis f\u00fcr Mini-Appartement Doppelbett mit Bad und Kochecke&#8230;<\/p>\n","protected":false},"author":1,"featured_media":0,"parent":0,"menu_order":0,"comment_status":"closed","ping_status":"closed","template":"full_width.php","meta":[],"_links":{"self":[{"href":"https:\/\/www.affittolugano.ch\/de\/wp-json\/wp\/v2\/pages\/16634"}],"collection":[{"href":"https:\/\/www.affittolugano.ch\/de\/wp-json\/wp\/v2\/pages"}],"about":[{"href":"https:\/\/www.affittolugano.ch\/de\/wp-json\/wp\/v2\/types\/page"}],"author":[{"embeddable":true,"href":"https:\/\/www.affittolugano.ch\/de\/wp-json\/wp\/v2\/users\/1"}],"replies":[{"embeddable":true,"href":"https:\/\/www.affittolugano.ch\/de\/wp-json\/wp\/v2\/comments?post=16634"}],"version-history":[{"count":1,"href":"https:\/\/www.affittolugano.ch\/de\/wp-json\/wp\/v2\/pages\/16634\/revisions"}],"predecessor-version":[{"id":24329,"href":"https:\/\/www.affittolugano.ch\/de\/wp-json\/wp\/v2\/pages\/16634\/revisions\/24329"}],"wp:attachment":[{"href":"https:\/\/www.affittolugano.ch\/de\/wp-json\/wp\/v2\/media?parent=16634"}],"curies":[{"name":"wp","href":"https:\/\/api.w.org\/{rel}","templated":true}]}}

<p>[vc_row css_animation=&#8220;&#8220; row_type=&#8220;row&#8220; use_row_as_full_screen_section=&#8220;no&#8220; type=&#8220;grid&#8220; angled_section=&#8220;no&#8220; text_align=&#8220;center&#8220; background_image_as_pattern=&#8220;without_pattern&#8220; background_color=&#8220;#ffffff&#8220;][vc_column][vc_empty_space height=&#8220;45px&#8220;][vc_column_text]</p>
<h1 style="text-align: center;">Aparthotel Lugano &#8211; Preise</h1>
<p>[/vc_column_text][vc_separator type=&#8220;transparent&#8220; up=&#8220;45&#8243; down=&#8220;0&#8243;][vc_column_text]</p>
<h2 style="text-align: center;">Preise für Appartements und Zimmer im Aparthotel La Residenza, Lugano</h2>
<p>[/vc_column_text][vc_separator type=&#8220;transparent&#8220; up=&#8220;45&#8243; down=&#8220;0&#8243;][vc_row_inner row_type=&#8220;row&#8220; type=&#8220;full_width&#8220; text_align=&#8220;left&#8220; css_animation=&#8220;&#8220;][vc_column_inner width=&#8220;2/3&#8243;][vc_column_text]</p>
<h4 style="text-align: left;">Preis für Mini-Appartement Doppelbett mit Bad und Kochecke (Lösung A)</h4>
<p style="text-align: left;"><strong>monatlich 1.550,00 CHF<span lang="DE">, inklusiv MwSt.,</span> Frühstück inbegriffen</strong></p>
<p>[/vc_column_text][vc_separator type=&#8220;transparent&#8220; up=&#8220;32&#8243; down=&#8220;0&#8243;][vc_column_text]</p>
<h4 style="text-align: left;">Preis für Mini-Appartement Doppelbett mit Bad (Lösung B)</h4>
<p style="text-align: left;"><strong>monatlich 1.450,00 CHF<span lang="DE">, inklusiv MwSt.,</span> Frühstück inbegriffen</strong></p>
<p>[/vc_column_text][vc_separator type=&#8220;transparent&#8220; up=&#8220;32&#8243; down=&#8220;0&#8243;][vc_column_text]</p>
<h4 style="text-align: left;">Preis für Design Mini-Appartement &#8222;double Suite&#8220; Doppelbett zuzüglich Schlafsofa, mit Bad und Kochecke (Lösung C)</h4>
<p style="text-align: left;"><strong>monatlich 2.200,00 CHF<span lang="DE">, inklusiv MwSt.,</span> Frühstück inbegriffen</strong></p>
<p>[/vc_column_text][/vc_column_inner][vc_column_inner width=&#8220;1/3&#8243;][vc_single_image image=&#8220;16826&#8243; img_size=&#8220;full&#8220; alignment=&#8220;center&#8220; qode_css_animation=&#8220;&#8220;][vc_empty_space][vc_empty_space][vc_empty_space][vc_single_image image=&#8220;16827&#8243; img_size=&#8220;full&#8220; alignment=&#8220;center&#8220; qode_css_animation=&#8220;&#8220;][/vc_column_inner][/vc_row_inner][vc_empty_space height=&#8220;45px&#8220;][vc_empty_space height=&#8220;65px&#8220;][/vc_column][/vc_row][vc_row row_type=&#8220;parallax&#8220; parallax_content_width=&#8220;in_grid&#8220; text_align=&#8220;center&#8220; background_image=&#8220;22327&#8243; full_screen_section_height=&#8220;no&#8220; section_height=&#8220;400&#8243;][vc_column][/vc_column][/vc_row][vc_row css_animation=&#8220;&#8220; row_type=&#8220;row&#8220; use_row_as_full_screen_section=&#8220;no&#8220; type=&#8220;full_width&#8220; angled_section=&#8220;no&#8220; text_align=&#8220;left&#8220; background_image_as_pattern=&#8220;without_pattern&#8220;][vc_column][vc_separator type=&#8220;normal&#8220; up=&#8220;0&#8243; down=&#8220;0&#8243;][/vc_column][/vc_row][vc_row css_animation=&#8220;&#8220; row_type=&#8220;row&#8220; use_row_as_full_screen_section=&#8220;no&#8220; type=&#8220;grid&#8220; angled_section=&#8220;no&#8220; text_align=&#8220;left&#8220; background_image_as_pattern=&#8220;without_pattern&#8220; background_color=&#8220;#ffffff&#8220; padding_top=&#8220;80&#8243; el_class=&#8220;team_hover_color&#8220;][vc_column][vc_row_inner row_type=&#8220;row&#8220; type=&#8220;full_width&#8220; text_align=&#8220;left&#8220; padding_bottom=&#8220;50&#8243; css_animation=&#8220;&#8220;][vc_column_inner width=&#8220;1/2&#8243;][vc_separator type=&#8220;transparent&#8220; up=&#8220;45&#8243; down=&#8220;0&#8243;][vc_raw_html]JTNDcCUyMGFsaWduJTNEJTIyY2VudGVyJTIyJTNFJTBBJTA5JTA5JTNDaW1nJTIwYWx0JTNEJTIyU2VydmljZWQlMjBhcGFydG1lbnRzJTIwLSUyMEZpdG5lc3MtUm9vbSUyMiUyMHRpdGxlJTNEJTIyU2VydmljZWQlMjBhcGFydG1lbnRzJTIwLSUyMEZpdG5lc3MtUm9vbSUyMiUyMGhlaWdodCUzRCUyMjMxMCUyMiUyMHNyYyUzRCUyMmh0dHAlM0ElMkYlMkZ3d3cuYWZmaXR0b2x1Z2Fuby5jaCUyRndwJTJGd3AtY29udGVudCUyRnVwbG9hZHMlMkYyMDE2JTJGMDMlMkZhdHRyZXp6aS10ZWNobm9neW0tcmVzaWRlbmNlLWxhcmVzaWRlbnphLWx1Z2Fuby5qcGclMjIlMjB3aWR0aCUzRCUyMjUwMCUyMiUzRSUzQyUyRnAlM0U=[/vc_raw_html][/vc_column_inner][vc_column_inner width=&#8220;1/2&#8243;][vc_separator type=&#8220;transparent&#8220; up=&#8220;45&#8243; down=&#8220;0&#8243;][vc_raw_html]JTNDcCUyMGFsaWduJTNEJTIyY2VudGVyJTIyJTNFJTBBJTA5JTA5JTNDaW1nJTIwYWx0JTNEJTIyU2VydmljZWQlMjBhcGFydG1lbnRzJTIwLSUyMEZpdG5lc3MtUm9vbSUyMiUyMHRpdGxlJTNEJTIyU2VydmljZWQlMjBhcGFydG1lbnRzJTIwLSUyMEZpdG5lc3MtUm9vbSUyMiUyMGhlaWdodCUzRCUyMjMxMCUyMiUyMHNyYyUzRCUyMmh0dHAlM0ElMkYlMkZ3d3cuYWZmaXR0b2x1Z2Fuby5jaCUyRndwJTJGd3AtY29udGVudCUyRnVwbG9hZHMlMkYyMDE2JTJGMDMlMkZhZmZpdHRvLWx1Z2Fuby1jYW1lcmEtYXR0cmV6emktdGVjaG5vZ3ltLmpwZyUyMiUyMHdpZHRoJTNEJTIyNTAwJTIyJTNFJTNDJTJGcCUzRQ==[/vc_raw_html][/vc_column_inner][/vc_row_inner][vc_separator type=&#8220;transparent&#8220; up=&#8220;20&#8243; down=&#8220;0&#8243;][vc_column_text]</p>
<h2 style="text-align: center;">Preise der Appartements und Zimmer in unserer Residence</h2>
<p>[/vc_column_text][vc_separator type=&#8220;transparent&#8220; up=&#8220;20&#8243; down=&#8220;0&#8243;][vc_column_text]Alle angegebene Preise für unsere Mini-Appartements verstehen sich mit den folgenden Diensten inbegriffen:</p>
<ul>
<li>Frühstück morgens in Arbeitstage bedient</li>
<li>Kochecke zur Verfügung in fast jeder Wohnstatt</li>
<li>wöchentlich Betttuch und Badetuch Wechsel,</li>
<li>wöchentliche Reinigung des Mini-Appartement,</li>
<li>grenzlose Benutzung – zwischen 06:00 und 22:00 – des Fitnessraums des Aparthotels, mit Technogym-Geräte ausgerüstet,</li>
<li>Wireless Internet-Connection,</li>
<li>Kabel-TV, 30 Kanäle,</li>
<li>Möblierte Zimmer,</li>
<li>Ström-, Wasser-, Heizung- und sonstige Mitbesitzer-Ausgaben,</li>
<li>Mini-Fridge innen jeden Mini-Appartement,</li>
<li>Receptionist,</li>
<li>Nacht-Concierge auf Verfügung,</li>
<li>Korrespondenz-Verteilung,</li>
<li>Video-Überwache der gemeinsamen Teilen, für die Sicherheit unserer Gästen,</li>
</ul>
<p>[/vc_column_text][vc_separator type=&#8220;transparent&#8220; up=&#8220;20&#8243; down=&#8220;0&#8243;][vc_raw_html]JTNDcCUyMGFsaWduJTNEJTIyY2VudGVyJTIyJTNFJTNDaW1nJTIwYWx0JTNEJTIyTGElMjBSZXNpZGVuemElMjIlMjBSZXNpZGVuY2UlMjBpbiUyMEx1Z2FubyUyMiUyMHRpdGxlJTNEJTIyJTIyTGElMjBSZXNpZGVuemElMjIlMjBSZXNpZGVuY2UlMjBpbiUyMEx1Z2FubyUyMiUyMGhlaWdodCUzRCUyMjMxMCUyMiUyMHNyYyUzRCUyMmh0dHAlM0ElMkYlMkZ3d3cuYWZmaXR0b2x1Z2Fuby5jaCUyRndwJTJGd3AtY29udGVudCUyRnVwbG9hZHMlMkYyMDE2JTJGMDMlMkZjYW1lcmUtYWZmaXR0by1sdWdhbm8uanBnJTIyJTIwd2lkdGglM0QlMjI1MDAlMjIlM0UlM0MlMkZwJTNF[/vc_raw_html][vc_separator type=&#8220;transparent&#8220; up=&#8220;20&#8243; down=&#8220;0&#8243;][vc_column_text]</p>
<p style="text-align: left;">Unsere Gäste verfügen weiter auf Selbstbedienung Bar/Snack- und Wäscherei-Dienst.</p>
<p style="text-align: left;">Unsere Residence verfügt über acht Parkplätze im Freien (Mietpreis 150.00 CHF/Monat). Alternativ dazu kann das Fahrzeug auf den Parkplätzen der Strassen in unmittelbarer Nähe der Residence abgestellt werden.</p>
<p style="text-align: left;"><strong>Sie erreichen uns für alle Informationen unter den Telefonnummern: +41 (0)91 976 1719 / +41 (0)79 937 8061.</strong></p>
<p>[/vc_column_text][vc_empty_space height=&#8220;65px&#8220;][vc_empty_space height=&#8220;65px&#8220;][/vc_column][/vc_row]</p>

<p>[vc_row css_animation=&#8220;&#8220; row_type=&#8220;row&#8220; use_row_as_full_screen_section=&#8220;no&#8220; type=&#8220;grid&#8220; angled_section=&#8220;no&#8220; text_align=&#8220;center&#8220; background_image_as_pattern=&#8220;without_pattern&#8220; background_color=&#8220;#ffffff&#8220;][vc_column][vc_empty_space height=&#8220;45px&#8220;][vc_column_text] Aparthotel Lugano &#8211; Preise [/vc_column_text][vc_separator type=&#8220;transparent&#8220; up=&#8220;45&#8243; down=&#8220;0&#8243;][vc_column_text] Preise für Appartements und Zimmer im Aparthotel La Residenza, Lugano [/vc_column_text][vc_separator type=&#8220;transparent&#8220; up=&#8220;45&#8243; down=&#8220;0&#8243;][vc_row_inner row_type=&#8220;row&#8220; type=&#8220;full_width&#8220; text_align=&#8220;left&#8220; css_animation=&#8220;&#8220;][vc_column_inner width=&#8220;2/3&#8243;][vc_column_text] Preis für Mini-Appartement Doppelbett mit Bad und Kochecke&#8230;</p>
