{"id":16664,"date":"2016-04-08T16:01:04","date_gmt":"2016-04-08T14:01:04","guid":{"rendered":"http:\/\/www.affittolugano.ch\/wp\/?page_id=16664"},"modified":"2016-06-20T14:48:00","modified_gmt":"2016-06-20T12:48:00","slug":"visitar-lugano","status":"publish","type":"page","link":"https:\/\/www.affittolugano.ch\/es\/pisos-en-lugano\/visitar-lugano\/","title":{"rendered":"visitar lugano"},"content":{"rendered":"<p>[vc_row row_type=\u00bbrow\u00bb use_row_as_full_screen_section=\u00bbno\u00bb type=\u00bbgrid\u00bb angled_section=\u00bbno\u00bb text_align=\u00bbcenter\u00bb background_image_as_pattern=\u00bbwithout_pattern\u00bb background_color=\u00bb#ffffff\u00bb css_animation=\u00bb\u00bb][vc_column][vc_empty_space height=\u00bb45px\u00bb][vc_column_text]<\/p>\n<h1 style=\"text-align: center;\">Itinerario Lugano &#8211; Visitar Lugano<\/h1>\n<p>[\/vc_column_text][vc_separator type=\u00bbtransparent\u00bb up=\u00bb20&#8243; down=\u00bb0&#8243;][vc_column_text]<\/p>\n<h4 style=\"text-align: center;\">a cargo del Alojamiento \u00abLa Residenza\u00bb de Lugano &#8211; Tesino &#8211; Suiza<\/h4>\n<p>[\/vc_column_text][vc_separator type=\u00bbtransparent\u00bb up=\u00bb20&#8243; down=\u00bb0&#8243;][vc_column_text]<\/p>\n<h2 style=\"text-align: center;\">Itinerario guiado para visitar Lugano<\/h2>\n<p>[\/vc_column_text][vc_separator type=\u00bbtransparent\u00bb up=\u00bb20&#8243; down=\u00bb0&#8243;][vc_column_text]<\/p>\n<p style=\"text-align: left;\">Descubra el encanto de esta maravillosa ciudad suiza, situada a orillas del lago de Lugano, recorriendo con nosotros sus calles, sus callejones y sus plazas. Descubra con nosotros sus rincones m\u00e1s sugestivos, sus parques, sus iglesias y sus elegantes tiendas.<\/p>\n<p>[\/vc_column_text][vc_separator type=\u00bbtransparent\u00bb up=\u00bb20&#8243; down=\u00bb0&#8243;][vc_single_image image=\u00bb16853&#8243; img_size=\u00bbfull\u00bb alignment=\u00bbcenter\u00bb qode_css_animation=\u00bb\u00bb][vc_separator type=\u00bbtransparent\u00bb up=\u00bb20&#8243; down=\u00bb0&#8243;][vc_column_text]<\/p>\n<h2 style=\"text-align: center;\">Lugano &#8211; Un poco de historia<\/h2>\n<p>[\/vc_column_text][vc_separator type=\u00bbtransparent\u00bb up=\u00bb20&#8243; down=\u00bb0&#8243;][vc_column_text]<\/p>\n<p style=\"text-align: left;\">La implantaci\u00f3n urban\u00edstica de Lugano calca la del burgo medieval. En la Edad Media, Piazza Grande (ahora Piazza della Riforma) era el lugar preferido para reunirse (y lo sigue siendo todav\u00eda hoy), lugar de trabajo y de tr\u00e1ficos comerciales. En la Riva della Legna y en la Riva del Grano (actualmente Piazza Rezzonico) se llevaban a cabo casi todos los intercambios comerciales, siendo trasladados s\u00f3lo hacia finales del siglo XIX en ferrocarril.<\/p>\n<p>&nbsp;<\/p>\n<p style=\"text-align: left;\">Lugano era una ciudad muy animada tambi\u00e9n en el siglo XVI, como demuestra la Fiera Grossa que se celebra cada a\u00f1o y que, ya en los primeros a\u00f1os del siglo XVI, adquiri\u00f3 fama a nivel europeo. Desde el siglo XVI hasta los primeros a\u00f1os del siglo XX pod\u00edan identificarse claramente los 4 principales barrios, que converg\u00edan todos en Piazza della Riforma. Al norte encontramos el barrio Cioccaro, que llega hasta los pies de la colina, al oeste est\u00e1 el barrio Nassa, que llega hasta la iglesia de Santa Maria degli Angioli, al este encontramos el barrio Verla, que llega hasta la Piazza S. Antonio, y, por \u00faltimo, el barrio Canova, que llega hasta Piazza Castello, donde en el pasado se alzaba el castillo del vizcondado.<\/p>\n<p>&nbsp;<\/p>\n<p style=\"text-align: left;\">El antiguo burgo estaba rodeado por una muralla con siete puertas.<\/p>\n<p>&nbsp;<\/p>\n<p style=\"text-align: left;\">En 1874 se construy\u00f3 el ferrocarril y su estaci\u00f3n. Ello permiti\u00f3 desplazar el centro del comercio del lago a la colina, que se conect\u00f3 con la llanura por medio de un funicular. El funicular es utilizado todav\u00eda para los desplazamientos en la ciudad.<\/p>\n<p>&nbsp;<\/p>\n<p style=\"text-align: left;\">Varias escuelas arquitect\u00f3nicas han contribuido a transformar Lugano en lo que es hoy: una capital de la arquitectura moderna. Dentro del pulm\u00f3n verde de Lugano, el Parco Ciani, se encuentra la biblioteca Cantonal (1940) del arquitecto Tami, el fundador de la arquitectura del Tesino. Son muchos los arquitectos que han contribuido a hacer de Lugano una ciudad como la que hoy vemos: Marco Botta es el m\u00e1s conocido, pero tambi\u00e9n est\u00e1n Aurelio Galfetti, Livio Bacchini, Tita Carloni, Peppo Brivio, Luigi Snozzi y muchos otros.<\/p>\n<p>[\/vc_column_text][vc_separator type=\u00bbtransparent\u00bb up=\u00bb20&#8243; down=\u00bb0&#8243;][vc_column_text]<\/p>\n<h4 style=\"text-align: center;\">Qu\u00e9 se puede ver en Lugano<\/h4>\n<p>[\/vc_column_text][vc_separator type=\u00bbtransparent\u00bb up=\u00bb20&#8243; down=\u00bb0&#8243;][vc_column_text]<\/p>\n<p style=\"text-align: left;\">El centro de Lugano es relativamente peque\u00f1o, por lo que aconsejamos, por supuesto, visitarlo a pie, aunque en Lugano no faltan transportes p\u00fablicos de \u00f3ptimo nivel, como autobuses, funiculares y transbordadores.<\/p>\n<p>[\/vc_column_text][vc_separator type=\u00bbtransparent\u00bb up=\u00bb20&#8243; down=\u00bb0&#8243;][vc_column_text]<\/p>\n<h4 style=\"text-align: center;\">El paseo a orillas del lago de Lugano<\/h4>\n<p>[\/vc_column_text][vc_separator type=\u00bbtransparent\u00bb up=\u00bb20&#8243; down=\u00bb0&#8243;][vc_single_image image=\u00bb16883&#8243; img_size=\u00bbfull\u00bb alignment=\u00bbcenter\u00bb qode_css_animation=\u00bb\u00bb][vc_separator type=\u00bbtransparent\u00bb up=\u00bb20&#8243; down=\u00bb0&#8243;][vc_column_text]<\/p>\n<p style=\"text-align: left;\">Empezamos esta visita guiada de las bellezas de Lugano desde el paseo a orillas del lago (lungolago). El paseo a orillas del lago de Lugano es una fuerte atracci\u00f3n tur\u00edstica por el contexto en el que se halla incluido y por las esculturas modernas que encontramos en el trayecto. Se articula en unos 2 km a lo largo del amplio golfo de Lugano, desde Paradiso hasta el Lido. Si lo recorremos al anochecer, podremos disfrutar de una vista inolvidable del lago y de la bah\u00eda. En Paradiso, en la base del Monte San Salvatore, encontramos grandes jardines p\u00fablicos que llegan hasta el lago. En este recorrido encontramos uno de los m\u00e1s grandes y antiguos hoteles de Lugano, el majestuoso Hotel Splendide Royal y Villa Malpensata, donde tiene su sede el\u00a0<strong>museo de arte moderno de Lugano<\/strong>. En este museo se realizan exposiciones temporales de nivel internacional y es una meta que no pueden perderse los apasionados del arte moderno.<\/p>\n<p>&nbsp;<\/p>\n<p style=\"text-align: left;\">M\u00e1s adelante, el paseo se ensancha y se introduce en el Giardino Belvedere. Al final del Giardino Belvedere podremos observar la hermosa fachada de la iglesia de Santa Maria degli Angioli. Continuando llegaremos al embarcadero Centrale y al embarcadero Giardino, de donde salen los barcos. Frente al paseo encontramos tambi\u00e9n el nuevo Casino de Lugano. Llegados a este punto, nos encontramos frente al Parco Ciani y en las inmediaciones del monumento a Guglielmo Tell, construido en 1852 por el escultor del Tesino Vincenzo Vela.<\/p>\n<p>&nbsp;<\/p>\n<p style=\"text-align: left;\">En verano podemos alquilar barcas con motor o barcas de pedales<\/p>\n<p>[\/vc_column_text][vc_empty_space height=\u00bb65px\u00bb][vc_empty_space height=\u00bb45px\u00bb][\/vc_column][\/vc_row][vc_row row_type=\u00bbparallax\u00bb parallax_content_width=\u00bbin_grid\u00bb text_align=\u00bbcenter\u00bb background_image=\u00bb15994&#8243; full_screen_section_height=\u00bbno\u00bb section_height=\u00bb400&#8243;][vc_column][\/vc_column][\/vc_row][vc_row row_type=\u00bbrow\u00bb use_row_as_full_screen_section=\u00bbno\u00bb type=\u00bbfull_width\u00bb angled_section=\u00bbno\u00bb text_align=\u00bbleft\u00bb background_image_as_pattern=\u00bbwithout_pattern\u00bb css_animation=\u00bb\u00bb][vc_column][vc_separator type=\u00bbnormal\u00bb up=\u00bb0&#8243; down=\u00bb0&#8243;][\/vc_column][\/vc_row][vc_row row_type=\u00bbrow\u00bb use_row_as_full_screen_section=\u00bbno\u00bb type=\u00bbgrid\u00bb angled_section=\u00bbno\u00bb text_align=\u00bbleft\u00bb background_image_as_pattern=\u00bbwithout_pattern\u00bb background_color=\u00bb#ffffff\u00bb padding_top=\u00bb80&#8243; css_animation=\u00bb\u00bb el_class=\u00bbteam_hover_color\u00bb][vc_column][vc_separator type=\u00bbtransparent\u00bb up=\u00bb20&#8243; down=\u00bb0&#8243;][vc_row_inner row_type=\u00bbrow\u00bb type=\u00bbfull_width\u00bb text_align=\u00bbleft\u00bb css_animation=\u00bb\u00bb][vc_column_inner width=\u00bb1\/2&#8243;][vc_column_text]<\/p>\n<h4 style=\"text-align: center;\">El Parco Ciani<\/h4>\n<p>[\/vc_column_text][vc_separator type=\u00bbtransparent\u00bb up=\u00bb20&#8243; down=\u00bb0&#8243;][vc_single_image image=\u00bb16875&#8243; img_size=\u00bbfull\u00bb alignment=\u00bbcenter\u00bb qode_css_animation=\u00bb\u00bb][vc_separator type=\u00bbtransparent\u00bb up=\u00bb20&#8243; down=\u00bb0&#8243;][vc_column_text]<\/p>\n<p style=\"text-align: left;\">Desde el paseo a orillas del lago podemos acceder al gran Parco Ciani (parque C\u00edvico). El Parco Ciani es un gran pulm\u00f3n verde de 60.000 m<span class=\"style5\">\u00b2<\/span>\u00a0con arriates, \u00e1rboles seculares, maderas de todo tipo y una de las metas privilegiadas del paseo de los habitantes de esta ciudad. Dentro del Parco Ciani encontramos el Museo de Bellas Artes, la Biblioteca Cantonal, el Museo de historia natural y diversas escuelas.<\/p>\n<p>[\/vc_column_text][\/vc_column_inner][vc_column_inner width=\u00bb1\/2&#8243;][vc_column_text]<\/p>\n<h4 style=\"text-align: center;\">Piazza della Riforma<\/h4>\n<p>[\/vc_column_text][vc_separator type=\u00bbtransparent\u00bb up=\u00bb20&#8243; down=\u00bb0&#8243;][vc_single_image image=\u00bb16884&#8243; img_size=\u00bbfull\u00bb alignment=\u00bbcenter\u00bb qode_css_animation=\u00bb\u00bb][vc_separator type=\u00bbtransparent\u00bb up=\u00bb20&#8243; down=\u00bb0&#8243;][vc_column_text]<\/p>\n<p style=\"text-align: left;\">Piazza della Riforma es sencillamente La Piazza, punto de encuentro entre el coraz\u00f3n de Lugano y el paseo del lago.<\/p>\n<p>[\/vc_column_text][\/vc_column_inner][\/vc_row_inner][vc_empty_space height=\u00bb45px\u00bb][vc_empty_space height=\u00bb65px\u00bb][\/vc_column][\/vc_row]<\/p>\n","protected":false},"excerpt":{"rendered":"<p>[vc_row row_type=\u00bbrow\u00bb use_row_as_full_screen_section=\u00bbno\u00bb type=\u00bbgrid\u00bb angled_section=\u00bbno\u00bb text_align=\u00bbcenter\u00bb background_image_as_pattern=\u00bbwithout_pattern\u00bb background_color=\u00bb#ffffff\u00bb css_animation=\u00bb\u00bb][vc_column][vc_empty_space height=\u00bb45px\u00bb][vc_column_text] Itinerario Lugano &#8211; Visitar Lugano [\/vc_column_text][vc_separator type=\u00bbtransparent\u00bb up=\u00bb20&#8243; down=\u00bb0&#8243;][vc_column_text] a cargo del Alojamiento \u00abLa Residenza\u00bb de Lugano &#8211; Tesino &#8211; Suiza [\/vc_column_text][vc_separator type=\u00bbtransparent\u00bb up=\u00bb20&#8243; down=\u00bb0&#8243;][vc_column_text] Itinerario guiado para visitar Lugano [\/vc_column_text][vc_separator type=\u00bbtransparent\u00bb up=\u00bb20&#8243; down=\u00bb0&#8243;][vc_column_text] Descubra&#8230;<\/p>\n","protected":false},"author":1,"featured_media":0,"parent":16657,"menu_order":0,"comment_status":"closed","ping_status":"closed","template":"full_width.php","meta":[],"_links":{"self":[{"href":"https:\/\/www.affittolugano.ch\/es\/wp-json\/wp\/v2\/pages\/16664"}],"collection":[{"href":"https:\/\/www.affittolugano.ch\/es\/wp-json\/wp\/v2\/pages"}],"about":[{"href":"https:\/\/www.affittolugano.ch\/es\/wp-json\/wp\/v2\/types\/page"}],"author":[{"embeddable":true,"href":"https:\/\/www.affittolugano.ch\/es\/wp-json\/wp\/v2\/users\/1"}],"replies":[{"embeddable":true,"href":"https:\/\/www.affittolugano.ch\/es\/wp-json\/wp\/v2\/comments?post=16664"}],"version-history":[{"count":0,"href":"https:\/\/www.affittolugano.ch\/es\/wp-json\/wp\/v2\/pages\/16664\/revisions"}],"up":[{"embeddable":true,"href":"https:\/\/www.affittolugano.ch\/es\/wp-json\/wp\/v2\/pages\/16657"}],"wp:attachment":[{"href":"https:\/\/www.affittolugano.ch\/es\/wp-json\/wp\/v2\/media?parent=16664"}],"curies":[{"name":"wp","href":"https:\/\/api.w.org\/{rel}","templated":true}]}}

<p>[vc_row row_type=»row» use_row_as_full_screen_section=»no» type=»grid» angled_section=»no» text_align=»center» background_image_as_pattern=»without_pattern» background_color=»#ffffff» css_animation=»»][vc_column][vc_empty_space height=»45px»][vc_column_text]</p>
<h1 style="text-align: center;">Itinerario Lugano &#8211; Visitar Lugano</h1>
<p>[/vc_column_text][vc_separator type=»transparent» up=»20&#8243; down=»0&#8243;][vc_column_text]</p>
<h4 style="text-align: center;">a cargo del Alojamiento «La Residenza» de Lugano &#8211; Tesino &#8211; Suiza</h4>
<p>[/vc_column_text][vc_separator type=»transparent» up=»20&#8243; down=»0&#8243;][vc_column_text]</p>
<h2 style="text-align: center;">Itinerario guiado para visitar Lugano</h2>
<p>[/vc_column_text][vc_separator type=»transparent» up=»20&#8243; down=»0&#8243;][vc_column_text]</p>
<p style="text-align: left;">Descubra el encanto de esta maravillosa ciudad suiza, situada a orillas del lago de Lugano, recorriendo con nosotros sus calles, sus callejones y sus plazas. Descubra con nosotros sus rincones más sugestivos, sus parques, sus iglesias y sus elegantes tiendas.</p>
<p>[/vc_column_text][vc_separator type=»transparent» up=»20&#8243; down=»0&#8243;][vc_single_image image=»16853&#8243; img_size=»full» alignment=»center» qode_css_animation=»»][vc_separator type=»transparent» up=»20&#8243; down=»0&#8243;][vc_column_text]</p>
<h2 style="text-align: center;">Lugano &#8211; Un poco de historia</h2>
<p>[/vc_column_text][vc_separator type=»transparent» up=»20&#8243; down=»0&#8243;][vc_column_text]</p>
<p style="text-align: left;">La implantación urbanística de Lugano calca la del burgo medieval. En la Edad Media, Piazza Grande (ahora Piazza della Riforma) era el lugar preferido para reunirse (y lo sigue siendo todavía hoy), lugar de trabajo y de tráficos comerciales. En la Riva della Legna y en la Riva del Grano (actualmente Piazza Rezzonico) se llevaban a cabo casi todos los intercambios comerciales, siendo trasladados sólo hacia finales del siglo XIX en ferrocarril.</p>
<p>&nbsp;</p>
<p style="text-align: left;">Lugano era una ciudad muy animada también en el siglo XVI, como demuestra la Fiera Grossa que se celebra cada año y que, ya en los primeros años del siglo XVI, adquirió fama a nivel europeo. Desde el siglo XVI hasta los primeros años del siglo XX podían identificarse claramente los 4 principales barrios, que convergían todos en Piazza della Riforma. Al norte encontramos el barrio Cioccaro, que llega hasta los pies de la colina, al oeste está el barrio Nassa, que llega hasta la iglesia de Santa Maria degli Angioli, al este encontramos el barrio Verla, que llega hasta la Piazza S. Antonio, y, por último, el barrio Canova, que llega hasta Piazza Castello, donde en el pasado se alzaba el castillo del vizcondado.</p>
<p>&nbsp;</p>
<p style="text-align: left;">El antiguo burgo estaba rodeado por una muralla con siete puertas.</p>
<p>&nbsp;</p>
<p style="text-align: left;">En 1874 se construyó el ferrocarril y su estación. Ello permitió desplazar el centro del comercio del lago a la colina, que se conectó con la llanura por medio de un funicular. El funicular es utilizado todavía para los desplazamientos en la ciudad.</p>
<p>&nbsp;</p>
<p style="text-align: left;">Varias escuelas arquitectónicas han contribuido a transformar Lugano en lo que es hoy: una capital de la arquitectura moderna. Dentro del pulmón verde de Lugano, el Parco Ciani, se encuentra la biblioteca Cantonal (1940) del arquitecto Tami, el fundador de la arquitectura del Tesino. Son muchos los arquitectos que han contribuido a hacer de Lugano una ciudad como la que hoy vemos: Marco Botta es el más conocido, pero también están Aurelio Galfetti, Livio Bacchini, Tita Carloni, Peppo Brivio, Luigi Snozzi y muchos otros.</p>
<p>[/vc_column_text][vc_separator type=»transparent» up=»20&#8243; down=»0&#8243;][vc_column_text]</p>
<h4 style="text-align: center;">Qué se puede ver en Lugano</h4>
<p>[/vc_column_text][vc_separator type=»transparent» up=»20&#8243; down=»0&#8243;][vc_column_text]</p>
<p style="text-align: left;">El centro de Lugano es relativamente pequeño, por lo que aconsejamos, por supuesto, visitarlo a pie, aunque en Lugano no faltan transportes públicos de óptimo nivel, como autobuses, funiculares y transbordadores.</p>
<p>[/vc_column_text][vc_separator type=»transparent» up=»20&#8243; down=»0&#8243;][vc_column_text]</p>
<h4 style="text-align: center;">El paseo a orillas del lago de Lugano</h4>
<p>[/vc_column_text][vc_separator type=»transparent» up=»20&#8243; down=»0&#8243;][vc_single_image image=»16883&#8243; img_size=»full» alignment=»center» qode_css_animation=»»][vc_separator type=»transparent» up=»20&#8243; down=»0&#8243;][vc_column_text]</p>
<p style="text-align: left;">Empezamos esta visita guiada de las bellezas de Lugano desde el paseo a orillas del lago (lungolago). El paseo a orillas del lago de Lugano es una fuerte atracción turística por el contexto en el que se halla incluido y por las esculturas modernas que encontramos en el trayecto. Se articula en unos 2 km a lo largo del amplio golfo de Lugano, desde Paradiso hasta el Lido. Si lo recorremos al anochecer, podremos disfrutar de una vista inolvidable del lago y de la bahía. En Paradiso, en la base del Monte San Salvatore, encontramos grandes jardines públicos que llegan hasta el lago. En este recorrido encontramos uno de los más grandes y antiguos hoteles de Lugano, el majestuoso Hotel Splendide Royal y Villa Malpensata, donde tiene su sede el <strong>museo de arte moderno de Lugano</strong>. En este museo se realizan exposiciones temporales de nivel internacional y es una meta que no pueden perderse los apasionados del arte moderno.</p>
<p>&nbsp;</p>
<p style="text-align: left;">Más adelante, el paseo se ensancha y se introduce en el Giardino Belvedere. Al final del Giardino Belvedere podremos observar la hermosa fachada de la iglesia de Santa Maria degli Angioli. Continuando llegaremos al embarcadero Centrale y al embarcadero Giardino, de donde salen los barcos. Frente al paseo encontramos también el nuevo Casino de Lugano. Llegados a este punto, nos encontramos frente al Parco Ciani y en las inmediaciones del monumento a Guglielmo Tell, construido en 1852 por el escultor del Tesino Vincenzo Vela.</p>
<p>&nbsp;</p>
<p style="text-align: left;">En verano podemos alquilar barcas con motor o barcas de pedales</p>
<p>[/vc_column_text][vc_empty_space height=»65px»][vc_empty_space height=»45px»][/vc_column][/vc_row][vc_row row_type=»parallax» parallax_content_width=»in_grid» text_align=»center» background_image=»15994&#8243; full_screen_section_height=»no» section_height=»400&#8243;][vc_column][/vc_column][/vc_row][vc_row row_type=»row» use_row_as_full_screen_section=»no» type=»full_width» angled_section=»no» text_align=»left» background_image_as_pattern=»without_pattern» css_animation=»»][vc_column][vc_separator type=»normal» up=»0&#8243; down=»0&#8243;][/vc_column][/vc_row][vc_row row_type=»row» use_row_as_full_screen_section=»no» type=»grid» angled_section=»no» text_align=»left» background_image_as_pattern=»without_pattern» background_color=»#ffffff» padding_top=»80&#8243; css_animation=»» el_class=»team_hover_color»][vc_column][vc_separator type=»transparent» up=»20&#8243; down=»0&#8243;][vc_row_inner row_type=»row» type=»full_width» text_align=»left» css_animation=»»][vc_column_inner width=»1/2&#8243;][vc_column_text]</p>
<h4 style="text-align: center;">El Parco Ciani</h4>
<p>[/vc_column_text][vc_separator type=»transparent» up=»20&#8243; down=»0&#8243;][vc_single_image image=»16875&#8243; img_size=»full» alignment=»center» qode_css_animation=»»][vc_separator type=»transparent» up=»20&#8243; down=»0&#8243;][vc_column_text]</p>
<p style="text-align: left;">Desde el paseo a orillas del lago podemos acceder al gran Parco Ciani (parque Cívico). El Parco Ciani es un gran pulmón verde de 60.000 m<span class="style5">²</span> con arriates, árboles seculares, maderas de todo tipo y una de las metas privilegiadas del paseo de los habitantes de esta ciudad. Dentro del Parco Ciani encontramos el Museo de Bellas Artes, la Biblioteca Cantonal, el Museo de historia natural y diversas escuelas.</p>
<p>[/vc_column_text][/vc_column_inner][vc_column_inner width=»1/2&#8243;][vc_column_text]</p>
<h4 style="text-align: center;">Piazza della Riforma</h4>
<p>[/vc_column_text][vc_separator type=»transparent» up=»20&#8243; down=»0&#8243;][vc_single_image image=»16884&#8243; img_size=»full» alignment=»center» qode_css_animation=»»][vc_separator type=»transparent» up=»20&#8243; down=»0&#8243;][vc_column_text]</p>
<p style="text-align: left;">Piazza della Riforma es sencillamente La Piazza, punto de encuentro entre el corazón de Lugano y el paseo del lago.</p>
<p>[/vc_column_text][/vc_column_inner][/vc_row_inner][vc_empty_space height=»45px»][vc_empty_space height=»65px»][/vc_column][/vc_row]</p>
