{"id":18967,"date":"2016-07-05T22:31:08","date_gmt":"2016-07-05T20:31:08","guid":{"rendered":"http:\/\/www.affittolugano.ch\/es\/?page_id=18967"},"modified":"2020-08-07T16:19:07","modified_gmt":"2020-08-07T14:19:07","slug":"es-home","status":"publish","type":"page","link":"https:\/\/www.affittolugano.ch\/es\/","title":{"rendered":"es-Home"},"content":{"rendered":"<p>[vc_row css_animation=\u00bb\u00bb row_type=\u00bbrow\u00bb use_row_as_full_screen_section=\u00bbno\u00bb type=\u00bbfull_width\u00bb angled_section=\u00bbno\u00bb text_align=\u00bbleft\u00bb background_image_as_pattern=\u00bbwithout_pattern\u00bb][vc_column][vc_separator type=\u00bbnormal\u00bb up=\u00bb0&#8243;][\/vc_column][\/vc_row][vc_row css_animation=\u00bbelement_from_fade\u00bb row_type=\u00bbrow\u00bb use_row_as_full_screen_section=\u00bbno\u00bb type=\u00bbgrid\u00bb angled_section=\u00bbno\u00bb text_align=\u00bbleft\u00bb background_image_as_pattern=\u00bbwithout_pattern\u00bb background_color=\u00bb#ffffff\u00bb transition_delay=\u00bb0.3&#8243;][vc_column][vc_empty_space height=\u00bb45px\u00bb][vc_row_inner row_type=\u00bbrow\u00bb type=\u00bbfull_width\u00bb text_align=\u00bbcenter\u00bb css_animation=\u00bb\u00bb][vc_column_inner width=\u00bb1\/2&#8243;][vc_empty_space height=\u00bb62px\u00bb][vc_column_text]<\/p>\n<h1 style=\"text-align: center;\">\u00abAlojamiento en Lugano \u00abLa Residenza\u00bb<\/h1>\n<p>&nbsp;<\/p>\n<h2 style=\"text-align: center;\">Alojamiento \u00abLa Residenza\u00bb &#8211; Piazza della Riscossa, 16 &#8211; Lugano, Suiza<\/h2>\n<p>&nbsp;<\/p>\n<p style=\"text-align: center;\">Alojamiento y pisos en alquiler en Lugano &#8211; Tesino &#8211; Suiza<\/p>\n<p>[\/vc_column_text][vc_empty_space height=\u00bb45px\u00bb][\/vc_column_inner][vc_column_inner width=\u00bb1\/2&#8243;][vc_empty_space height=\u00bb50px\u00bb][vc_raw_html]JTNDaWZyYW1lJTIwd2lkdGglM0QlMjI2NDAlMjIlMjBoZWlnaHQlM0QlMjIzNjAlMjIlMjBhbHQlM0QlMjJhcHBhcnRhbWVudGklMjBpbiUyMGFmZml0dG8lMjBhJTIwbHVnYW5vJTIyJTIwc3JjJTNEJTIyaHR0cHMlM0ElMkYlMkZ3d3cueW91dHViZS5jb20lMkZlbWJlZCUyRkMxR2lSa0hsdFhvJTNGcmVsJTNEMCUyMiUyMGZyYW1lYm9yZGVyJTNEJTIyMCUyMiUyMGFsbG93ZnVsbHNjcmVlbiUzRSUzQyUyRmlmcmFtZSUzRQ==[\/vc_raw_html][\/vc_column_inner][\/vc_row_inner][vc_empty_space height=\u00bb65px\u00bb][\/vc_column][\/vc_row][vc_row css_animation=\u00bb\u00bb row_type=\u00bbrow\u00bb use_row_as_full_screen_section=\u00bbno\u00bb type=\u00bbgrid\u00bb angled_section=\u00bbno\u00bb text_align=\u00bbleft\u00bb background_image_as_pattern=\u00bbwithout_pattern\u00bb background_color=\u00bb#f8f8f8&#8243;][vc_column][vc_row_inner row_type=\u00bbrow\u00bb type=\u00bbgrid\u00bb text_align=\u00bbleft\u00bb padding_top=\u00bb40&#8243; padding_bottom=\u00bb15&#8243; css_animation=\u00bb\u00bb][vc_column_inner][vc_empty_space][vc_column_text]<\/p>\n<h2 style=\"text-align: center;\">Alojamiento en Lugano<\/h2>\n<p>[\/vc_column_text][vc_separator type=\u00bbtransparent\u00bb up=\u00bb20&#8243; down=\u00bb0&#8243;][vc_column_text]<\/p>\n<h4 style=\"text-align: center;\">Alquilar una habitaci\u00f3n en el alojamiento \u00abLa Residenza\u00bb de Lugano puede ser una soluci\u00f3n mejor que vivir en un piso en alquiler.<\/h4>\n<p>[\/vc_column_text][vc_separator type=\u00bbtransparent\u00bb up=\u00bb30&#8243; down=\u00bb0&#8243;][vc_single_image image=\u00bb16852&#8243; img_size=\u00bbfull\u00bb alignment=\u00bbcenter\u00bb qode_css_animation=\u00bb\u00bb][vc_separator type=\u00bbtransparent\u00bb up=\u00bb30&#8243; down=\u00bb0&#8243;][vc_column_text]<\/p>\n<p style=\"text-align: left;\">Las ventajas de vivir en uno de los pisos en alquiler de nuestro alojamiento son m\u00faltiples y se ilustran detalladamente en las p\u00e1ginas internas de este sitio.<\/p>\n<p>&nbsp;<\/p>\n<p style=\"text-align: left;\">Resumimos aqu\u00ed las principales ventajas de la soluci\u00f3n \u00abalquiler temporal\u00bb propuesta por la Direcci\u00f3n del alojamiento \u00abLa Residenza\u00bb de Lugano.<\/p>\n<p>&nbsp;<\/p>\n<p style=\"text-align: left;\">Cuando decidimos alquilar un estudio, sabemos muy bien que adem\u00e1s del coste del alquiler y de la duraci\u00f3n del contrato de alquiler, la mayor\u00eda de las veces demasiado larga para nuestras exigencias, tenemos que soportar otros muchos costes y necesidades, no siempre presupuestables cuando se firma el contrato de alquiler del piso. Nos referimos, por ejemplo, a las facturas del gas y de la electricidad, a los gastos de comunidad, a la necesidad de ocuparnos del cambio de la ropa y a otros problemas t\u00edpicos de quien vive en un piso. Por lo que no tardamos mucho en darnos cuenta de que el coste del alquiler es s\u00f3lo la mitad de los costes que en realidad debemos soportar.<\/p>\n<p>[\/vc_column_text][\/vc_column_inner][\/vc_row_inner][vc_separator type=\u00bbtransparent\u00bb up=\u00bb30&#8243; down=\u00bb0&#8243;][vc_single_image image=\u00bb16853&#8243; img_size=\u00bbfull\u00bb alignment=\u00bbcenter\u00bb qode_css_animation=\u00bb\u00bb][vc_separator type=\u00bbtransparent\u00bb up=\u00bb30&#8243; down=\u00bb0&#8243;][vc_column_text]<\/p>\n<p style=\"text-align: left;\">Alquilar un piso en nuestro alojamiento significa, sin embargo, disfrutar de una confortable habitaci\u00f3n con ba\u00f1o y, si lo necesitan, con cocina americana, que les permitir\u00e1 ser aut\u00f3nomos para el almuerzo o la cena, disponer del servicio de porter\u00eda y del servicio de cambio de ropa y limpieza. Todo ello con la m\u00e1xima discreci\u00f3n. En el alojamiento \u00abLa Residenza\u00bb nos interesa mucho su privacidad y nuestra presencia es siempre discreta. En las habitaciones encontrar\u00e1n tambi\u00e9n TV por cable con 30 canales.<\/p>\n<p>&nbsp;<\/p>\n<p style=\"text-align: left;\">Tener una habitaci\u00f3n en alquiler en nuestro alojamiento de Lugano significa estar a pocos pasos del lago y del centro de la ciudad. Bastar\u00e1 bajar a la calle para, en pocos minutos, sumergirse en la vida de Lugano, tanto de d\u00eda como de noche. En el radio de 100 metros de nuestro alojamiento hallar\u00e1n varios locales, bares, restaurantes, tabernas t\u00edpicas, supermercados y elegantes boutiques.<\/p>\n<p>[\/vc_column_text][vc_separator type=\u00bbtransparent\u00bb up=\u00bb30&#8243; down=\u00bb0&#8243;][vc_single_image image=\u00bb16855&#8243; img_size=\u00bbfull\u00bb alignment=\u00bbcenter\u00bb qode_css_animation=\u00bb\u00bb][vc_separator type=\u00bbtransparent\u00bb up=\u00bb15&#8243; down=\u00bb0&#8243;][vc_column_text]<\/p>\n<p style=\"text-align: left;\">El desayuno esta servido la ma\u00f1ana en dias de trabajo. El alojamiento dispone de 37 habitaciones, muchas de ellas dotadas recientemente de cocina americana. Asimismo, estamos dotando todas las habitaciones con el acceso a la ADSL. Las habitaciones del lado nordeste del alojamiento poseen una maravillosa vista del lago de Lugano. Disponemos de cunas para ni\u00f1os peque\u00f1os y, previos acuerdos con la Direcci\u00f3n, se admiten animales dom\u00e9sticos en las habitaciones.<\/p>\n<p>[\/vc_column_text][vc_separator type=\u00bbtransparent\u00bb up=\u00bb30&#8243; down=\u00bb0&#8243;][vc_empty_space height=\u00bb55px\u00bb][\/vc_column][\/vc_row][vc_row row_type=\u00bbparallax\u00bb parallax_content_width=\u00bbin_grid\u00bb text_align=\u00bbcenter\u00bb background_image=\u00bb22175&#8243; full_screen_section_height=\u00bbno\u00bb section_height=\u00bb400&#8243;][vc_column][\/vc_column][\/vc_row][vc_row css_animation=\u00bb\u00bb row_type=\u00bbrow\u00bb use_row_as_full_screen_section=\u00bbno\u00bb type=\u00bbfull_width\u00bb angled_section=\u00bbno\u00bb text_align=\u00bbleft\u00bb background_image_as_pattern=\u00bbwithout_pattern\u00bb][vc_column][vc_separator type=\u00bbnormal\u00bb up=\u00bb0&#8243;][\/vc_column][\/vc_row][vc_row css_animation=\u00bb\u00bb row_type=\u00bbrow\u00bb use_row_as_full_screen_section=\u00bbno\u00bb type=\u00bbgrid\u00bb angled_section=\u00bbno\u00bb text_align=\u00bbleft\u00bb background_image_as_pattern=\u00bbwithout_pattern\u00bb background_color=\u00bb#f8f8f8&#8243; padding_bottom=\u00bb65&#8243; css=\u00bb.vc_custom_1456163141266{background-color: #ffffff !important;}\u00bb][vc_column][vc_empty_space][vc_row_inner row_type=\u00bbrow\u00bb type=\u00bbfull_width\u00bb text_align=\u00bbleft\u00bb padding_top=\u00bb50&#8243; padding_bottom=\u00bb30&#8243; css_animation=\u00bb\u00bb][vc_column_inner][vc_column_text]<\/p>\n<h2 style=\"text-align: center;\">Periodo m\u00ednimo de alquiler en el alojamiento de Lugano<\/h2>\n<p>[\/vc_column_text][\/vc_column_inner][\/vc_row_inner][vc_column_text]<\/p>\n<p style=\"text-align: left;\">El periodo m\u00ednimo de alquiler de un piso en nuestro alojamiento suele ser de tres meses. Les invitamos, en cualquier caso, a que se pongan en contacto con nosotros si tienen necesidades especiales; estamos seguros de que encontraremos una soluci\u00f3n que permita satisfacer sus exigencias. Nuestros precios son muy competitivos.<\/p>\n<p>[\/vc_column_text][vc_empty_space][vc_empty_space][vc_column_text]<\/p>\n<h2 style=\"text-align: center;\">Las ventajas de vivir en Lugano<\/h2>\n<p>[\/vc_column_text][vc_empty_space height=\u00bb20px\u00bb][vc_column_text]<\/p>\n<p style=\"text-align: left;\">A las muchas ventajas que ofrece un piso en alquiler en nuestro alojamiento se a\u00f1aden, adem\u00e1s, las ventajas de vivir en Lugano, como la posibilidad de efectuar magn\u00edficas excursiones, como, por ejemplo, el ferrocarril del Monte Generoso, el funicular que lleva al Monte Br\u00e8 (el alojamiento se encuentra a 100 m de la estaci\u00f3n del funicular) o el que lleva a la cima del Monte San Salvatore, desde donde podr\u00e1n disfrutar de una extraordinaria vista del lago de Lugano y de los Alpes Suizos.<\/p>\n<p>&nbsp;<\/p>\n<p style=\"text-align: left;\">Para saber m\u00e1s sobre los itinerarios existentes en los alrededores de nuestro alojamiento y de Lugano, les invitamos a consultar las distintas p\u00e1ginas de este sitio.<\/p>\n<p>[\/vc_column_text][vc_empty_space][vc_empty_space height=\u00bb45px\u00bb][vc_empty_space height=\u00bb65px\u00bb][\/vc_column][\/vc_row]<\/p>\n","protected":false},"excerpt":{"rendered":"<p>[vc_row css_animation=\u00bb\u00bb row_type=\u00bbrow\u00bb use_row_as_full_screen_section=\u00bbno\u00bb type=\u00bbfull_width\u00bb angled_section=\u00bbno\u00bb text_align=\u00bbleft\u00bb background_image_as_pattern=\u00bbwithout_pattern\u00bb][vc_column][vc_separator type=\u00bbnormal\u00bb up=\u00bb0&#8243;][\/vc_column][\/vc_row][vc_row css_animation=\u00bbelement_from_fade\u00bb row_type=\u00bbrow\u00bb use_row_as_full_screen_section=\u00bbno\u00bb type=\u00bbgrid\u00bb angled_section=\u00bbno\u00bb text_align=\u00bbleft\u00bb background_image_as_pattern=\u00bbwithout_pattern\u00bb background_color=\u00bb#ffffff\u00bb transition_delay=\u00bb0.3&#8243;][vc_column][vc_empty_space height=\u00bb45px\u00bb][vc_row_inner row_type=\u00bbrow\u00bb type=\u00bbfull_width\u00bb text_align=\u00bbcenter\u00bb css_animation=\u00bb\u00bb][vc_column_inner width=\u00bb1\/2&#8243;][vc_empty_space height=\u00bb62px\u00bb][vc_column_text] \u00abAlojamiento en Lugano \u00abLa Residenza\u00bb &nbsp; Alojamiento \u00abLa Residenza\u00bb &#8211; Piazza della Riscossa, 16 &#8211; Lugano, Suiza &nbsp; Alojamiento&#8230;<\/p>\n","protected":false},"author":1,"featured_media":0,"parent":0,"menu_order":0,"comment_status":"closed","ping_status":"closed","template":"full_width.php","meta":[],"_links":{"self":[{"href":"https:\/\/www.affittolugano.ch\/es\/wp-json\/wp\/v2\/pages\/18967"}],"collection":[{"href":"https:\/\/www.affittolugano.ch\/es\/wp-json\/wp\/v2\/pages"}],"about":[{"href":"https:\/\/www.affittolugano.ch\/es\/wp-json\/wp\/v2\/types\/page"}],"author":[{"embeddable":true,"href":"https:\/\/www.affittolugano.ch\/es\/wp-json\/wp\/v2\/users\/1"}],"replies":[{"embeddable":true,"href":"https:\/\/www.affittolugano.ch\/es\/wp-json\/wp\/v2\/comments?post=18967"}],"version-history":[{"count":1,"href":"https:\/\/www.affittolugano.ch\/es\/wp-json\/wp\/v2\/pages\/18967\/revisions"}],"predecessor-version":[{"id":24333,"href":"https:\/\/www.affittolugano.ch\/es\/wp-json\/wp\/v2\/pages\/18967\/revisions\/24333"}],"wp:attachment":[{"href":"https:\/\/www.affittolugano.ch\/es\/wp-json\/wp\/v2\/media?parent=18967"}],"curies":[{"name":"wp","href":"https:\/\/api.w.org\/{rel}","templated":true}]}}

<p>[vc_row css_animation=»» row_type=»row» use_row_as_full_screen_section=»no» type=»full_width» angled_section=»no» text_align=»left» background_image_as_pattern=»without_pattern»][vc_column][vc_separator type=»normal» up=»0&#8243;][/vc_column][/vc_row][vc_row css_animation=»element_from_fade» row_type=»row» use_row_as_full_screen_section=»no» type=»grid» angled_section=»no» text_align=»left» background_image_as_pattern=»without_pattern» background_color=»#ffffff» transition_delay=»0.3&#8243;][vc_column][vc_empty_space height=»45px»][vc_row_inner row_type=»row» type=»full_width» text_align=»center» css_animation=»»][vc_column_inner width=»1/2&#8243;][vc_empty_space height=»62px»][vc_column_text]</p>
<h1 style="text-align: center;">«Alojamiento en Lugano «La Residenza»</h1>
<p>&nbsp;</p>
<h2 style="text-align: center;">Alojamiento «La Residenza» &#8211; Piazza della Riscossa, 16 &#8211; Lugano, Suiza</h2>
<p>&nbsp;</p>
<p style="text-align: center;">Alojamiento y pisos en alquiler en Lugano &#8211; Tesino &#8211; Suiza</p>
<p>[/vc_column_text][vc_empty_space height=»45px»][/vc_column_inner][vc_column_inner width=»1/2&#8243;][vc_empty_space height=»50px»][vc_raw_html]JTNDaWZyYW1lJTIwd2lkdGglM0QlMjI2NDAlMjIlMjBoZWlnaHQlM0QlMjIzNjAlMjIlMjBhbHQlM0QlMjJhcHBhcnRhbWVudGklMjBpbiUyMGFmZml0dG8lMjBhJTIwbHVnYW5vJTIyJTIwc3JjJTNEJTIyaHR0cHMlM0ElMkYlMkZ3d3cueW91dHViZS5jb20lMkZlbWJlZCUyRkMxR2lSa0hsdFhvJTNGcmVsJTNEMCUyMiUyMGZyYW1lYm9yZGVyJTNEJTIyMCUyMiUyMGFsbG93ZnVsbHNjcmVlbiUzRSUzQyUyRmlmcmFtZSUzRQ==[/vc_raw_html][/vc_column_inner][/vc_row_inner][vc_empty_space height=»65px»][/vc_column][/vc_row][vc_row css_animation=»» row_type=»row» use_row_as_full_screen_section=»no» type=»grid» angled_section=»no» text_align=»left» background_image_as_pattern=»without_pattern» background_color=»#f8f8f8&#8243;][vc_column][vc_row_inner row_type=»row» type=»grid» text_align=»left» padding_top=»40&#8243; padding_bottom=»15&#8243; css_animation=»»][vc_column_inner][vc_empty_space][vc_column_text]</p>
<h2 style="text-align: center;">Alojamiento en Lugano</h2>
<p>[/vc_column_text][vc_separator type=»transparent» up=»20&#8243; down=»0&#8243;][vc_column_text]</p>
<h4 style="text-align: center;">Alquilar una habitación en el alojamiento «La Residenza» de Lugano puede ser una solución mejor que vivir en un piso en alquiler.</h4>
<p>[/vc_column_text][vc_separator type=»transparent» up=»30&#8243; down=»0&#8243;][vc_single_image image=»16852&#8243; img_size=»full» alignment=»center» qode_css_animation=»»][vc_separator type=»transparent» up=»30&#8243; down=»0&#8243;][vc_column_text]</p>
<p style="text-align: left;">Las ventajas de vivir en uno de los pisos en alquiler de nuestro alojamiento son múltiples y se ilustran detalladamente en las páginas internas de este sitio.</p>
<p>&nbsp;</p>
<p style="text-align: left;">Resumimos aquí las principales ventajas de la solución «alquiler temporal» propuesta por la Dirección del alojamiento «La Residenza» de Lugano.</p>
<p>&nbsp;</p>
<p style="text-align: left;">Cuando decidimos alquilar un estudio, sabemos muy bien que además del coste del alquiler y de la duración del contrato de alquiler, la mayoría de las veces demasiado larga para nuestras exigencias, tenemos que soportar otros muchos costes y necesidades, no siempre presupuestables cuando se firma el contrato de alquiler del piso. Nos referimos, por ejemplo, a las facturas del gas y de la electricidad, a los gastos de comunidad, a la necesidad de ocuparnos del cambio de la ropa y a otros problemas típicos de quien vive en un piso. Por lo que no tardamos mucho en darnos cuenta de que el coste del alquiler es sólo la mitad de los costes que en realidad debemos soportar.</p>
<p>[/vc_column_text][/vc_column_inner][/vc_row_inner][vc_separator type=»transparent» up=»30&#8243; down=»0&#8243;][vc_single_image image=»16853&#8243; img_size=»full» alignment=»center» qode_css_animation=»»][vc_separator type=»transparent» up=»30&#8243; down=»0&#8243;][vc_column_text]</p>
<p style="text-align: left;">Alquilar un piso en nuestro alojamiento significa, sin embargo, disfrutar de una confortable habitación con baño y, si lo necesitan, con cocina americana, que les permitirá ser autónomos para el almuerzo o la cena, disponer del servicio de portería y del servicio de cambio de ropa y limpieza. Todo ello con la máxima discreción. En el alojamiento «La Residenza» nos interesa mucho su privacidad y nuestra presencia es siempre discreta. En las habitaciones encontrarán también TV por cable con 30 canales.</p>
<p>&nbsp;</p>
<p style="text-align: left;">Tener una habitación en alquiler en nuestro alojamiento de Lugano significa estar a pocos pasos del lago y del centro de la ciudad. Bastará bajar a la calle para, en pocos minutos, sumergirse en la vida de Lugano, tanto de día como de noche. En el radio de 100 metros de nuestro alojamiento hallarán varios locales, bares, restaurantes, tabernas típicas, supermercados y elegantes boutiques.</p>
<p>[/vc_column_text][vc_separator type=»transparent» up=»30&#8243; down=»0&#8243;][vc_single_image image=»16855&#8243; img_size=»full» alignment=»center» qode_css_animation=»»][vc_separator type=»transparent» up=»15&#8243; down=»0&#8243;][vc_column_text]</p>
<p style="text-align: left;">El desayuno esta servido la mañana en dias de trabajo. El alojamiento dispone de 37 habitaciones, muchas de ellas dotadas recientemente de cocina americana. Asimismo, estamos dotando todas las habitaciones con el acceso a la ADSL. Las habitaciones del lado nordeste del alojamiento poseen una maravillosa vista del lago de Lugano. Disponemos de cunas para niños pequeños y, previos acuerdos con la Dirección, se admiten animales domésticos en las habitaciones.</p>
<p>[/vc_column_text][vc_separator type=»transparent» up=»30&#8243; down=»0&#8243;][vc_empty_space height=»55px»][/vc_column][/vc_row][vc_row row_type=»parallax» parallax_content_width=»in_grid» text_align=»center» background_image=»22175&#8243; full_screen_section_height=»no» section_height=»400&#8243;][vc_column][/vc_column][/vc_row][vc_row css_animation=»» row_type=»row» use_row_as_full_screen_section=»no» type=»full_width» angled_section=»no» text_align=»left» background_image_as_pattern=»without_pattern»][vc_column][vc_separator type=»normal» up=»0&#8243;][/vc_column][/vc_row][vc_row css_animation=»» row_type=»row» use_row_as_full_screen_section=»no» type=»grid» angled_section=»no» text_align=»left» background_image_as_pattern=»without_pattern» background_color=»#f8f8f8&#8243; padding_bottom=»65&#8243; css=».vc_custom_1456163141266{background-color: #ffffff !important;}»][vc_column][vc_empty_space][vc_row_inner row_type=»row» type=»full_width» text_align=»left» padding_top=»50&#8243; padding_bottom=»30&#8243; css_animation=»»][vc_column_inner][vc_column_text]</p>
<h2 style="text-align: center;">Periodo mínimo de alquiler en el alojamiento de Lugano</h2>
<p>[/vc_column_text][/vc_column_inner][/vc_row_inner][vc_column_text]</p>
<p style="text-align: left;">El periodo mínimo de alquiler de un piso en nuestro alojamiento suele ser de tres meses. Les invitamos, en cualquier caso, a que se pongan en contacto con nosotros si tienen necesidades especiales; estamos seguros de que encontraremos una solución que permita satisfacer sus exigencias. Nuestros precios son muy competitivos.</p>
<p>[/vc_column_text][vc_empty_space][vc_empty_space][vc_column_text]</p>
<h2 style="text-align: center;">Las ventajas de vivir en Lugano</h2>
<p>[/vc_column_text][vc_empty_space height=»20px»][vc_column_text]</p>
<p style="text-align: left;">A las muchas ventajas que ofrece un piso en alquiler en nuestro alojamiento se añaden, además, las ventajas de vivir en Lugano, como la posibilidad de efectuar magníficas excursiones, como, por ejemplo, el ferrocarril del Monte Generoso, el funicular que lleva al Monte Brè (el alojamiento se encuentra a 100 m de la estación del funicular) o el que lleva a la cima del Monte San Salvatore, desde donde podrán disfrutar de una extraordinaria vista del lago de Lugano y de los Alpes Suizos.</p>
<p>&nbsp;</p>
<p style="text-align: left;">Para saber más sobre los itinerarios existentes en los alrededores de nuestro alojamiento y de Lugano, les invitamos a consultar las distintas páginas de este sitio.</p>
<p>[/vc_column_text][vc_empty_space][vc_empty_space height=»45px»][vc_empty_space height=»65px»][/vc_column][/vc_row]</p>
